3*g = l - 17. Suppose -2*r + 18 = 2*u - 4*r, u = l*r + 5. List the prime factors of u.
13
Suppose -4*n = -n - 27. Suppose 0 = -s - 0*s + n. Suppose 4*m - 33 = -s. List the prime factors of m.
2, 3
Let d be (-2)/(-10)*(1 - -4). Let v be 4/(-10)*10/(-1). What are the prime factors of (d + -5)*v/(-8)?
2
Let h = 26 - 8. What are the prime factors of h?
2, 3
Let l = 5 + 2. List the prime factors of l.
7
Let v(z) = -6*z. Let s be v(-1). Let x = 5 - s. List the prime factors of 1/1*(5 - x).
2, 3
Let w(d) = d**2 - 3*d + 5. Let r be w(5). List the prime factors of (-10)/r*(0 - 9).
2, 3
Suppose -11*i + 6*i + 55 = 0. What are the prime factors of i?
11
Let x(m) = m**2 - 3*m - 7. Let r be x(5). Suppose 0 = r*s - 5*s + 36. What are the prime factors of (6/s)/(1/27)?
3
Let g = 10 - 5. Suppose -1 = -2*o + 2*c - g, 0 = 4*o + 4*c + 40. List the prime factors of (-11)/(-2) + 9/o.
2
Suppose 4*k = -3*n - 49, 5*k - 5*n + 2*n = -68. Let i = k + 20. List the prime factors of i.
7
Suppose -5*p = -8 - 2. Suppose 1 = p*f - 5. List the prime factors of f.
3
Suppose -g = 2*g - 6. Suppose -5*v = 3*c + 2*c - 50, 5*v - 50 = g*c. What are the prime factors of v?
2, 5
Suppose 4*h = 4*k + 76, -5*h + h = 3*k - 111. Let c = h - 3. List the prime factors of c.
3, 7
Suppose 8 + 4 = 4*h. Suppose x + 0 = h. What are the prime factors of x?
3
Let n be (-1)/3 - 8/(-6). Let s(y) = y + 3. Let a be s(0). Let x = n + a. What are the prime factors of x?
2
Suppose -376 = -5*c + 3*c. Suppose c - 53 = 5*u - 5*o, 115 = 4*u + 3*o. What are the prime factors of u?
2, 7
Let f(a) = a**3 - 7*a**2 + 6*a - 5. Let h = 0 + 7. Let l be f(h). Let x = l + -17. List the prime factors of x.
2, 5
Let h be (1 - (-1)/1) + 0. List the prime factors of (-56)/(-4)*1/h.
7
List the prime factors of 1 - 600/(-9) - 1/(-3).
2, 17
Let h = 33 + -81. Let t = -31 - h. List the prime factors of t.
17
Suppose -4*d + 144 = -4*l + d, -l = 4*d + 36. Let b = l + 61. What are the prime factors of b?
5
Let d be 20/6 + 2/(-6). Suppose 2*y = -d*g + 35, -3*y + g = 18 - 76. List the prime factors of y.
19
Let m(r) = -16*r + 1. Let o = -21 - -35. Let l be (-12)/o + (-3)/21. What are the prime factors of m(l)?
17
Let d(c) = -c**2 - 3*c + 3. Let g be d(-3). Suppose -g*j + n - 12 = 0, j - 2*j = -n + 6. What are the prime factors of 6 - 4*j/(-6)?
2
Let q(g) = 21*g - 28. List the prime factors of q(14).
2, 7, 19
Let b(g) = g**3 + 5*g - 3. List the prime factors of b(3).
3, 13
Let p = -11 + 42. What are the prime factors of p?
31
Let x be 7/3*(-6 + 3). Let a be (-40)/(-7) + (-2)/x. What are the prime factors of 15/(9/a + 0)?
2, 5
Let b(r) = -2*r**3 - 4*r**2 - r - 4. Let y be b(-3). Suppose 4*n - 3*p + 49 = 2*p, -5*p = -5. Let x = y + n. What are the prime factors of x?
2, 3
Let f(m) = m**3 - 16*m**2 + 21*m - 7. Let d be f(14). What are the prime factors of 15/d + 64/7?
3
Suppose -4*p + 2*p + a = -69, 2*a + 173 = 5*p. What are the prime factors of p?
5, 7
Let b(i) = -2 - 3 + i + 22. Suppose 5*l = 5*o - 40, -o + 56 = -0*l - 5*l. What are the prime factors of b(l)?
5
List the prime factors of (-121)/(-3) - (-12)/(-36).
2, 5
Suppose 3*m + 4*k - 2*k = 363, -5*m + 5*k = -580. What are the prime factors of m?
7, 17
Let f = 29 - -77. List the prime factors of f.
2, 53
Let y be (-26)/4 + 1/(-2). Let c(n) = n - 21. Let p(g) = -2*g + 31. Let t(w) = y*c(w) - 5*p(w). List the prime factors of t(9).
19
Suppose -3*l - 37 = -5*g, -4*g = -2*l - 32 + 6. Let c = 17 + l. List the prime factors of c.
2
Let p(k) = k**3 - 6*k**2 + 3*k - 1. Let b be p(6). Let n = 40 - b. What are the prime factors of n?
23
Suppose -f - 10 + 4 = 0. Let y(u) = u**3 + 7*u**2 + 6*u + 7. What are the prime factors of y(f)?
7
Let v(h) = h**3 - 3*h**2 - 20*h + 21. List the prime factors of v(7).
7, 11
Let r(u) be the third derivative of u**4/24 - u**2. List the prime factors of r(8).
2
What are the prime factors of -3*(232/(-12) + 3)?
7
Let i(c) = c**3 - c**2 + c - 1. Let d be i(4). Suppose -4*n - 2*f + 40 = -0*f, -2*f = 5*n - d. List the prime factors of n.
11
Let c be (27/(-6))/((-4)/32). Suppose 2*v - c = -v. What are the prime factors of v?
2, 3
Let g = 273 + -134. List the prime factors of g.
139
Let t(h) = -h - 1. Let f be t(7). List the prime factors of 3/((-6)/f) - 0.
2
Let h = 245 + -49. What are the prime factors of h/6 - 1/(-3)?
3, 11
Let g(u) = 8*u - 6. List the prime factors of g(8).
2, 29
Suppose 0 = -0*b + 5*b + 30. Let s(q) = q. Let x(z) = z**3 + 6*z**2 + 4*z + 4. Let w(r) = 2*s(r) - x(r). What are the prime factors of w(b)?
2
Let u = 37 - 15. List the prime factors of u.
2, 11
Let w(o) = o**3 + 10*o**2 - 12*o + 4. What are the prime factors of w(-11)?
3, 5
Let f(y) = -3*y**2 - 3*y + 3. Let x(j) = 4*j**2 + 3*j - 4. Let i(m) = 5*f(m) + 4*x(m). List the prime factors of i(5).
3
Let g be (-1 + -1)*(0 + 1). List the prime factors of 8*(-3)/g + 0.
2, 3
Let x = 53 + 112. List the prime factors of x.
3, 5, 11
Suppose 5*z + 72 = -3*y + 5*y, 2*y = 2*z + 84. What are the prime factors of (0/(-1) - 0) + y?
2, 23
Suppose -2*j + 10 = -4. What are the prime factors of 602/49 + (-2)/j?
2, 3
Suppose 3*s + s - 181 = -5*v, 4*s + 189 = 5*v. List the prime factors of v.
37
Let q(v) = v**3 - 5*v**2 - 6*v + 3. Let p be q(6). Suppose 0 = -3*y - p*r - 60, 0 = r - 3*r - 10. Let i = -11 - y. List the prime factors of i.
2
Let k be 16/12*(-3)/2. Let p = 4 - k. Suppose 6 + p = 4*h. What are the prime factors of h?
3
Let c = -18 + 70. List the prime factors of c.
2, 13
Let y = -42 + 24. Let g be (-12)/54 - 1606/y. Suppose -11 = -5*u + g. List the prime factors of u.
2, 5
Let h = 13 - -1. What are the prime factors of h?
2, 7
Let k(u) = 9*u - 3. Let j be k(4). Suppose -3*a - j = -3*b, 5*a + 61 - 10 = b. Let w = a - -17. List the prime factors of w.
7
Let z be (-976)/6 - (-4)/6. Let l = 43 - 42. What are the prime factors of (l/3)/((-9)/z)?
2, 3
Let k(v) = 76*v - 1. Let i be k(1). Suppose 3*u = i - 12. List the prime factors of u.
3, 7
Let q = 18 - 13. Let p(u) = -19*u + 16. Let n be p(-6). Suppose 0 = q*x + 50 - n. List the prime factors of x.
2
What are the prime factors of -1 + 7/(-2)*-2?
2, 3
Suppose 3*w - 739 + 145 = 0. List the prime factors of w.
2, 3, 11
Suppose 0 = -2*b - 22. Let h = -6 - b. Suppose -h*v + v = -40. List the prime factors of v.
2, 5
Let t = 17 - 12. Suppose -2*r + t*h = -39, -h = -0*h + 3. What are the prime factors of r?
2, 3
Let w(v) = v**3 + 7*v**2 + 7*v + 3. Let j be w(-6). Let p be 6*(j + (-6)/(-4)). List the prime factors of 2*(-3)/p*15.
2, 5
Let m be 54/(-12)*(-4)/6. Suppose m*k = 4*k - 3. List the prime factors of k.
3
Let a = 16 + -19. What are the prime factors of ((-14)/21)/(1/a)?
2
Let s(c) = 71*c + 1. Let k be s(-1). List the prime factors of (-13 + 11)*k/4.
5, 7
Let g = -553 + 834. What are the prime factors of g?
281
Let c(l) = l**3 + 4*l**2 + 2. Suppose 3 = 4*s - s. Let a = -4 + s. What are the prime factors of c(a)?
11
Let c be (-18)/(-10) - (-3)/15. Suppose s = -c*r - 3*s + 18, 0 = -5*r - 5*s + 70. List the prime factors of r.
19
Let i(g) = 7*g**3 + 2*g**2 - 5*g + 3. Let a(s) = 6*s**3 + s**2 - 5*s + 2. Let l(u) = -6*a(u) + 5*i(u). Let d = 9 - 4. List the prime factors of l(d).
3
Suppose -4*c = -117 - 227. List the prime factors of c.
2, 43
Suppose -f = -0*f + 7. Let h(k) = -5*k - 10. List the prime factors of h(f).
5
What are the prime factors of 11/(66/1140)*(-8)/(-10)?
2, 19
Let l(r) = 5*r**2 + 2*r + 1. Let x be l(-2). Suppose 0 = 2*v - 5*g - 36, -3 = 5*g + x. List the prime factors of v.
2
Let j(d) = d**2 + d. Let g be j(-2). Let v be -2 + g - (-40)/1. Suppose 0 = -4*x + 3*s + v, 3*x + s - 2*s = 30. What are the prime factors of x?
2, 5
Let p(o) = 9*o**2 + 2*o. What are the prime factors of p(-2)?
2
Let c = -3 - -13. Let i(t) = t + 5. What are the prime factors of i(c)?
3, 5
Let n(f) = -9*f + 1. Let m be n(-3). Suppose 168 = 32*v - m*v. What are the prime factors of v?
2, 3, 7
Let x(i) = -6*i. Let w be x(-6). Suppose -2*q - 24 = -4*q - 2*m, -w = -q + 5*m. What are the prime factors of q?
2
Let t be -2*(-18)/(-2) - 2. Suppose -j = -3 - 5. What are the prime factors of j/t*(-36 + 1)?
2, 7
Suppose -x = -0*x - 2*w - 11, -16 = 4*x + 4*w. Let y = 3 + x. List the prime factors of y.
2
Suppose -15 = -5*p + 150. List the prime factors of p.
3, 11
Let m(t) be th